{"id":22,"date":"2016-02-12T08:11:05","date_gmt":"2016-02-12T08:11:05","guid":{"rendered":"http:\/\/demos.famethemes.com\/onepress-plus\/?page_id=22"},"modified":"2019-08-05T08:25:16","modified_gmt":"2019-08-05T08:25:16","slug":"infrastruktur","status":"publish","type":"page","link":"https:\/\/christins-pferdepension.de\/index.php\/infrastruktur\/","title":{"rendered":"Infrastruktur"},"content":{"rendered":"<h3>Trainingsbedingungen<\/h3>\n<p>F\u00fcr das t\u00e4gliche Training stehen zur Verf\u00fcgung:<\/p>\n<ul>\n<li>Au\u00dfenreitplatz (65 x 40) mit regelm\u00e4\u00dfiger Bodenpflege samt Hindernissen und Beleuchtung<\/li>\n<li>Dressurviereck<\/li>\n<li>Halle (30 x 15)<\/li>\n<li>phantastisches Ausreitgel\u00e4nde (Heinersdorfer See mit Pferdebadestelle)<\/li>\n<\/ul>\n<p><img loading=\"lazy\" decoding=\"async\" class=\"size-medium wp-image-1424 aligncenter\" src=\"http:\/\/213.239.201.147\/behlendorf\/wp-content\/uploads\/2019\/04\/IMG-20190207-WA0011-300x225.jpg\" alt=\"\" width=\"300\" height=\"225\" srcset=\"https:\/\/christins-pferdepension.de\/wp-content\/uploads\/2019\/04\/IMG-20190207-WA0011-300x225.jpg 300w, https:\/\/christins-pferdepension.de\/wp-content\/uploads\/2019\/04\/IMG-20190207-WA0011-768x576.jpg 768w, https:\/\/christins-pferdepension.de\/wp-content\/uploads\/2019\/04\/IMG-20190207-WA0011-1024x768.jpg 1024w, https:\/\/christins-pferdepension.de\/wp-content\/uploads\/2019\/04\/IMG-20190207-WA0011.jpg 1600w\" sizes=\"auto, (max-width: 300px) 100vw, 300px\" \/><img loading=\"lazy\" decoding=\"async\" class=\" wp-image-1425 aligncenter\" src=\"http:\/\/213.239.201.147\/behlendorf\/wp-content\/uploads\/2019\/04\/IMG-20190223-WA0001-300x200.jpg\" alt=\"\" width=\"236\" height=\"157\" srcset=\"https:\/\/christins-pferdepension.de\/wp-content\/uploads\/2019\/04\/IMG-20190223-WA0001-300x200.jpg 300w, https:\/\/christins-pferdepension.de\/wp-content\/uploads\/2019\/04\/IMG-20190223-WA0001-768x513.jpg 768w, https:\/\/christins-pferdepension.de\/wp-content\/uploads\/2019\/04\/IMG-20190223-WA0001-1024x684.jpg 1024w, https:\/\/christins-pferdepension.de\/wp-content\/uploads\/2019\/04\/IMG-20190223-WA0001.jpg 1600w\" sizes=\"auto, (max-width: 236px) 100vw, 236px\" \/><\/p>\n<hr>\n<p>Weitere Angebote:<\/p>\n<ul>\n<li>Wir arbeiten mit zertifizierten Trainern zusammen die regelm\u00e4\u00dfig Unterricht anbieten.<\/li>\n<li>Unser Hofhufschmied versteht sein Handwerk. Mit ihm vereinbaren wir 6 w\u00f6chige Termine. Sie k\u00f6nnen selbst zum Aufhalten dabei sein oder wir \u00fcbernehmen das f\u00fcr Sie. Nat\u00fcrlich bleibt Ihnen die Wahl des Hufschmieds v\u00f6llig frei.<\/li>\n<li>Wir lassen uns immer etwas Abwechslung auf dem Dressurviereck einfallen. Die Gelassenheit der Pferde kann so im Alltag trainiert werden (Flatterbogen, Planen, H\u00fctchen). Stangen und Hindernisse geh\u00f6ren selbstverst\u00e4ndlich zu unserem Platzinventar.<\/li>\n<li>Unsere Einsteller organisieren einmal j\u00e4hrlich eine Pferdewaage.<\/li>\n<li>Kinder sind uns wichtig! Wir haben viele Ponies die ggf f\u00fcr die Reitstunden gebucht werden k\u00f6nnen.<\/li>\n<li>Und noch etwas: Unsere Pferde und wir k\u00f6nnen vom traumhaften Ausreitgel\u00e4nde profitieren. Sei es ein Spaziergang an den See oder ein mehrst\u00fcndiger Ausritt durch abwechlungsreiche Buchen- und Nadelw\u00e4lder, vorbei an gr\u00f6\u00dferen und kleineren Gew\u00e4ssern und nat\u00fcrlich einladenden Stoppelfeldern.<\/li>\n<\/ul>\n<figure id=\"attachment_1458\" aria-describedby=\"caption-attachment-1458\" style=\"width: 169px\" class=\"wp-caption aligncenter\"><img loading=\"lazy\" decoding=\"async\" class=\"size-medium wp-image-1458\" src=\"http:\/\/213.239.201.147\/behlendorf\/wp-content\/uploads\/2019\/04\/IMG-20180630-WA0008-169x300.jpg\" alt=\"\" width=\"169\" height=\"300\" srcset=\"https:\/\/christins-pferdepension.de\/wp-content\/uploads\/2019\/04\/IMG-20180630-WA0008-169x300.jpg 169w, https:\/\/christins-pferdepension.de\/wp-content\/uploads\/2019\/04\/IMG-20180630-WA0008-768x1366.jpg 768w, https:\/\/christins-pferdepension.de\/wp-content\/uploads\/2019\/04\/IMG-20180630-WA0008-576x1024.jpg 576w, https:\/\/christins-pferdepension.de\/wp-content\/uploads\/2019\/04\/IMG-20180630-WA0008.jpg 899w\" sizes=\"auto, (max-width: 169px) 100vw, 169px\" \/><figcaption id=\"caption-attachment-1458\" class=\"wp-caption-text\">Pferdewaage<\/figcaption><\/figure>\n<p><img loading=\"lazy\" decoding=\"async\" class=\"size-medium wp-image-1428 aligncenter\" src=\"http:\/\/213.239.201.147\/behlendorf\/wp-content\/uploads\/2019\/04\/IMG-20180518-WA0010-300x169.jpg\" alt=\"\" width=\"300\" height=\"169\" srcset=\"https:\/\/christins-pferdepension.de\/wp-content\/uploads\/2019\/04\/IMG-20180518-WA0010-300x169.jpg 300w, https:\/\/christins-pferdepension.de\/wp-content\/uploads\/2019\/04\/IMG-20180518-WA0010-768x432.jpg 768w, https:\/\/christins-pferdepension.de\/wp-content\/uploads\/2019\/04\/IMG-20180518-WA0010-1024x576.jpg 1024w, https:\/\/christins-pferdepension.de\/wp-content\/uploads\/2019\/04\/IMG-20180518-WA0010.jpg 1280w\" sizes=\"auto, (max-width: 300px) 100vw, 300px\" \/><\/p>\n<p><img loading=\"lazy\" decoding=\"async\" class=\"size-medium wp-image-1429 aligncenter\" src=\"http:\/\/213.239.201.147\/behlendorf\/wp-content\/uploads\/2019\/04\/IMG-20180624-WA0003-300x283.jpg\" alt=\"\" width=\"300\" height=\"283\" srcset=\"https:\/\/christins-pferdepension.de\/wp-content\/uploads\/2019\/04\/IMG-20180624-WA0003-300x283.jpg 300w, https:\/\/christins-pferdepension.de\/wp-content\/uploads\/2019\/04\/IMG-20180624-WA0003-768x725.jpg 768w, https:\/\/christins-pferdepension.de\/wp-content\/uploads\/2019\/04\/IMG-20180624-WA0003-1024x966.jpg 1024w, https:\/\/christins-pferdepension.de\/wp-content\/uploads\/2019\/04\/IMG-20180624-WA0003.jpg 1600w\" sizes=\"auto, (max-width: 300px) 100vw, 300px\" \/><\/p>\n<p><img loading=\"lazy\" decoding=\"async\" class=\"size-medium wp-image-1430 aligncenter\" src=\"http:\/\/213.239.201.147\/behlendorf\/wp-content\/uploads\/2019\/04\/20190209_133527-300x225.jpg\" alt=\"\" width=\"300\" height=\"225\" srcset=\"https:\/\/christins-pferdepension.de\/wp-content\/uploads\/2019\/04\/20190209_133527-300x225.jpg 300w, https:\/\/christins-pferdepension.de\/wp-content\/uploads\/2019\/04\/20190209_133527-768x576.jpg 768w, https:\/\/christins-pferdepension.de\/wp-content\/uploads\/2019\/04\/20190209_133527-1024x768.jpg 1024w\" sizes=\"auto, (max-width: 300px) 100vw, 300px\" \/><\/p>\n","protected":false},"excerpt":{"rendered":"<p>Damit der Reiter auch voll auf seine Kosten kommen kann, bieten wir verschiedene Trainingsm\u00f6glichkeiten an. (klick f\u00fcr mehr Infos)<\/p>\n","protected":false},"author":2,"featured_media":1414,"parent":0,"menu_order":0,"comment_status":"closed","ping_status":"closed","template":"","meta":{"footnotes":""},"class_list":["post-22","page","type-page","status-publish","has-post-thumbnail","hentry"],"yoast_head":"<!-- This site is optimized with the Yoast SEO plugin v27.5 - https:\/\/yoast.com\/product\/yoast-seo-wordpress\/ -->\n<title>Infrastruktur - Christins Pferdepension<\/title>\n<meta name=\"robots\" content=\"index, follow, max-snippet:-1, max-image-preview:large, max-video-preview:-1\" \/>\n<link rel=\"canonical\" href=\"https:\/\/christins-pferdepension.de\/index.php\/infrastruktur\/\" \/>\n<meta property=\"og:locale\" content=\"en_US\" \/>\n<meta property=\"og:type\" content=\"article\" \/>\n<meta property=\"og:title\" content=\"Infrastruktur - Christins Pferdepension\" \/>\n<meta property=\"og:description\" content=\"Damit der Reiter auch voll auf seine Kosten kommen kann, bieten wir verschiedene Trainingsm\u00f6glichkeiten an. (klick f\u00fcr mehr Infos)\" \/>\n<meta property=\"og:url\" content=\"https:\/\/christins-pferdepension.de\/index.php\/infrastruktur\/\" \/>\n<meta property=\"og:site_name\" content=\"Christins Pferdepension\" \/>\n<meta property=\"article:publisher\" content=\"https:\/\/www.facebook.com\/Christins-Pferdehotel-1006479549410706\/\" \/>\n<meta property=\"article:modified_time\" content=\"2019-08-05T08:25:16+00:00\" \/>\n<meta property=\"og:image\" content=\"https:\/\/christins-pferdepension.de\/wp-content\/uploads\/2019\/04\/IMG-20181117-WA0027.jpg\" \/>\n\t<meta property=\"og:image:width\" content=\"1600\" \/>\n\t<meta property=\"og:image:height\" content=\"1200\" \/>\n\t<meta property=\"og:image:type\" content=\"image\/jpeg\" \/>\n<meta name=\"twitter:card\" content=\"summary_large_image\" \/>\n<meta name=\"twitter:label1\" content=\"Est. reading time\" \/>\n\t<meta name=\"twitter:data1\" content=\"1 minute\" \/>\n<script type=\"application\/ld+json\" class=\"yoast-schema-graph\">{\"@context\":\"https:\\\/\\\/schema.org\",\"@graph\":[{\"@type\":\"WebPage\",\"@id\":\"https:\\\/\\\/christins-pferdepension.de\\\/index.php\\\/infrastruktur\\\/\",\"url\":\"https:\\\/\\\/christins-pferdepension.de\\\/index.php\\\/infrastruktur\\\/\",\"name\":\"Infrastruktur - Christins Pferdepension\",\"isPartOf\":{\"@id\":\"https:\\\/\\\/christins-pferdepension.de\\\/#website\"},\"primaryImageOfPage\":{\"@id\":\"https:\\\/\\\/christins-pferdepension.de\\\/index.php\\\/infrastruktur\\\/#primaryimage\"},\"image\":{\"@id\":\"https:\\\/\\\/christins-pferdepension.de\\\/index.php\\\/infrastruktur\\\/#primaryimage\"},\"thumbnailUrl\":\"https:\\\/\\\/christins-pferdepension.de\\\/wp-content\\\/uploads\\\/2019\\\/04\\\/IMG-20181117-WA0027.jpg\",\"datePublished\":\"2016-02-12T08:11:05+00:00\",\"dateModified\":\"2019-08-05T08:25:16+00:00\",\"breadcrumb\":{\"@id\":\"https:\\\/\\\/christins-pferdepension.de\\\/index.php\\\/infrastruktur\\\/#breadcrumb\"},\"inLanguage\":\"en-US\",\"potentialAction\":[{\"@type\":\"ReadAction\",\"target\":[\"https:\\\/\\\/christins-pferdepension.de\\\/index.php\\\/infrastruktur\\\/\"]}]},{\"@type\":\"ImageObject\",\"inLanguage\":\"en-US\",\"@id\":\"https:\\\/\\\/christins-pferdepension.de\\\/index.php\\\/infrastruktur\\\/#primaryimage\",\"url\":\"https:\\\/\\\/christins-pferdepension.de\\\/wp-content\\\/uploads\\\/2019\\\/04\\\/IMG-20181117-WA0027.jpg\",\"contentUrl\":\"https:\\\/\\\/christins-pferdepension.de\\\/wp-content\\\/uploads\\\/2019\\\/04\\\/IMG-20181117-WA0027.jpg\",\"width\":1600,\"height\":1200,\"caption\":\"Zwerge mit Ambitionen\"},{\"@type\":\"BreadcrumbList\",\"@id\":\"https:\\\/\\\/christins-pferdepension.de\\\/index.php\\\/infrastruktur\\\/#breadcrumb\",\"itemListElement\":[{\"@type\":\"ListItem\",\"position\":1,\"name\":\"Home\",\"item\":\"https:\\\/\\\/christins-pferdepension.de\\\/\"},{\"@type\":\"ListItem\",\"position\":2,\"name\":\"Infrastruktur\"}]},{\"@type\":\"WebSite\",\"@id\":\"https:\\\/\\\/christins-pferdepension.de\\\/#website\",\"url\":\"https:\\\/\\\/christins-pferdepension.de\\\/\",\"name\":\"Christins Pferdepension\",\"description\":\"auf Gut Behlendorf\",\"publisher\":{\"@id\":\"https:\\\/\\\/christins-pferdepension.de\\\/#organization\"},\"potentialAction\":[{\"@type\":\"SearchAction\",\"target\":{\"@type\":\"EntryPoint\",\"urlTemplate\":\"https:\\\/\\\/christins-pferdepension.de\\\/?s={search_term_string}\"},\"query-input\":{\"@type\":\"PropertyValueSpecification\",\"valueRequired\":true,\"valueName\":\"search_term_string\"}}],\"inLanguage\":\"en-US\"},{\"@type\":\"Organization\",\"@id\":\"https:\\\/\\\/christins-pferdepension.de\\\/#organization\",\"name\":\"Christins Pferdepension\",\"url\":\"https:\\\/\\\/christins-pferdepension.de\\\/\",\"logo\":{\"@type\":\"ImageObject\",\"inLanguage\":\"en-US\",\"@id\":\"https:\\\/\\\/christins-pferdepension.de\\\/#\\\/schema\\\/logo\\\/image\\\/\",\"url\":\"https:\\\/\\\/christins-pferdepension.de\\\/wp-content\\\/uploads\\\/2019\\\/07\\\/logo_christins_pferdepension_small.png\",\"contentUrl\":\"https:\\\/\\\/christins-pferdepension.de\\\/wp-content\\\/uploads\\\/2019\\\/07\\\/logo_christins_pferdepension_small.png\",\"width\":163,\"height\":46,\"caption\":\"Christins Pferdepension\"},\"image\":{\"@id\":\"https:\\\/\\\/christins-pferdepension.de\\\/#\\\/schema\\\/logo\\\/image\\\/\"},\"sameAs\":[\"https:\\\/\\\/www.facebook.com\\\/Christins-Pferdehotel-1006479549410706\\\/\"]}]}<\/script>\n<!-- \/ Yoast SEO plugin. -->","yoast_head_json":{"title":"Infrastruktur - Christins Pferdepension","robots":{"index":"index","follow":"follow","max-snippet":"max-snippet:-1","max-image-preview":"max-image-preview:large","max-video-preview":"max-video-preview:-1"},"canonical":"https:\/\/christins-pferdepension.de\/index.php\/infrastruktur\/","og_locale":"en_US","og_type":"article","og_title":"Infrastruktur - Christins Pferdepension","og_description":"Damit der Reiter auch voll auf seine Kosten kommen kann, bieten wir verschiedene Trainingsm\u00f6glichkeiten an. (klick f\u00fcr mehr Infos)","og_url":"https:\/\/christins-pferdepension.de\/index.php\/infrastruktur\/","og_site_name":"Christins Pferdepension","article_publisher":"https:\/\/www.facebook.com\/Christins-Pferdehotel-1006479549410706\/","article_modified_time":"2019-08-05T08:25:16+00:00","og_image":[{"width":1600,"height":1200,"url":"https:\/\/christins-pferdepension.de\/wp-content\/uploads\/2019\/04\/IMG-20181117-WA0027.jpg","type":"image\/jpeg"}],"twitter_card":"summary_large_image","twitter_misc":{"Est. reading time":"1 minute"},"schema":{"@context":"https:\/\/schema.org","@graph":[{"@type":"WebPage","@id":"https:\/\/christins-pferdepension.de\/index.php\/infrastruktur\/","url":"https:\/\/christins-pferdepension.de\/index.php\/infrastruktur\/","name":"Infrastruktur - Christins Pferdepension","isPartOf":{"@id":"https:\/\/christins-pferdepension.de\/#website"},"primaryImageOfPage":{"@id":"https:\/\/christins-pferdepension.de\/index.php\/infrastruktur\/#primaryimage"},"image":{"@id":"https:\/\/christins-pferdepension.de\/index.php\/infrastruktur\/#primaryimage"},"thumbnailUrl":"https:\/\/christins-pferdepension.de\/wp-content\/uploads\/2019\/04\/IMG-20181117-WA0027.jpg","datePublished":"2016-02-12T08:11:05+00:00","dateModified":"2019-08-05T08:25:16+00:00","breadcrumb":{"@id":"https:\/\/christins-pferdepension.de\/index.php\/infrastruktur\/#breadcrumb"},"inLanguage":"en-US","potentialAction":[{"@type":"ReadAction","target":["https:\/\/christins-pferdepension.de\/index.php\/infrastruktur\/"]}]},{"@type":"ImageObject","inLanguage":"en-US","@id":"https:\/\/christins-pferdepension.de\/index.php\/infrastruktur\/#primaryimage","url":"https:\/\/christins-pferdepension.de\/wp-content\/uploads\/2019\/04\/IMG-20181117-WA0027.jpg","contentUrl":"https:\/\/christins-pferdepension.de\/wp-content\/uploads\/2019\/04\/IMG-20181117-WA0027.jpg","width":1600,"height":1200,"caption":"Zwerge mit Ambitionen"},{"@type":"BreadcrumbList","@id":"https:\/\/christins-pferdepension.de\/index.php\/infrastruktur\/#breadcrumb","itemListElement":[{"@type":"ListItem","position":1,"name":"Home","item":"https:\/\/christins-pferdepension.de\/"},{"@type":"ListItem","position":2,"name":"Infrastruktur"}]},{"@type":"WebSite","@id":"https:\/\/christins-pferdepension.de\/#website","url":"https:\/\/christins-pferdepension.de\/","name":"Christins Pferdepension","description":"auf Gut Behlendorf","publisher":{"@id":"https:\/\/christins-pferdepension.de\/#organization"},"potentialAction":[{"@type":"SearchAction","target":{"@type":"EntryPoint","urlTemplate":"https:\/\/christins-pferdepension.de\/?s={search_term_string}"},"query-input":{"@type":"PropertyValueSpecification","valueRequired":true,"valueName":"search_term_string"}}],"inLanguage":"en-US"},{"@type":"Organization","@id":"https:\/\/christins-pferdepension.de\/#organization","name":"Christins Pferdepension","url":"https:\/\/christins-pferdepension.de\/","logo":{"@type":"ImageObject","inLanguage":"en-US","@id":"https:\/\/christins-pferdepension.de\/#\/schema\/logo\/image\/","url":"https:\/\/christins-pferdepension.de\/wp-content\/uploads\/2019\/07\/logo_christins_pferdepension_small.png","contentUrl":"https:\/\/christins-pferdepension.de\/wp-content\/uploads\/2019\/07\/logo_christins_pferdepension_small.png","width":163,"height":46,"caption":"Christins Pferdepension"},"image":{"@id":"https:\/\/christins-pferdepension.de\/#\/schema\/logo\/image\/"},"sameAs":["https:\/\/www.facebook.com\/Christins-Pferdehotel-1006479549410706\/"]}]}},"_links":{"self":[{"href":"https:\/\/christins-pferdepension.de\/index.php\/wp-json\/wp\/v2\/pages\/22","targetHints":{"allow":["GET"]}}],"collection":[{"href":"https:\/\/christins-pferdepension.de\/index.php\/wp-json\/wp\/v2\/pages"}],"about":[{"href":"https:\/\/christins-pferdepension.de\/index.php\/wp-json\/wp\/v2\/types\/page"}],"author":[{"embeddable":true,"href":"https:\/\/christins-pferdepension.de\/index.php\/wp-json\/wp\/v2\/users\/2"}],"replies":[{"embeddable":true,"href":"https:\/\/christins-pferdepension.de\/index.php\/wp-json\/wp\/v2\/comments?post=22"}],"version-history":[{"count":13,"href":"https:\/\/christins-pferdepension.de\/index.php\/wp-json\/wp\/v2\/pages\/22\/revisions"}],"predecessor-version":[{"id":1555,"href":"https:\/\/christins-pferdepension.de\/index.php\/wp-json\/wp\/v2\/pages\/22\/revisions\/1555"}],"wp:featuredmedia":[{"embeddable":true,"href":"https:\/\/christins-pferdepension.de\/index.php\/wp-json\/wp\/v2\/media\/1414"}],"wp:attachment":[{"href":"https:\/\/christins-pferdepension.de\/index.php\/wp-json\/wp\/v2\/media?parent=22"}],"curies":[{"name":"wp","href":"https:\/\/api.w.org\/{rel}","templated":true}]}}